12). Suppose -y*j + 61 = -179. What is the tens digit of j?
3
Suppose -10633 + 73353 = 28*g. What is the tens digit of g?
4
What is the thousands digit of (-7 - 2685/20)/((-2)/40)?
2
What is the tens digit of (-3650)/(-4) + 56/112?
1
Let x(b) = -b + 1. Suppose -i + 4*m + 6 = -5, 0 = -2*i + 2*m - 2. Let a(o) = 7*o - 16. Let p(y) = i*x(y) - a(y). What is the tens digit of p(-9)?
2
Suppose 2*v - 147 = 5*v. Let y = v + 161. What is the tens digit of y?
1
Let t be 1*6/2 + -1. Suppose -t*q = 2*q. Suppose 3*h - 42 = -q*h. What is the units digit of h?
4
Let g(k) = 170*k**2 + 1. What is the units digit of g(1)?
1
Let h = 17 - -1197. What is the tens digit of h?
1
Let o(q) = q**3 - q**2 + 10. Suppose -3*r = n - 8, 4*n - 65 = 5*r + 35. Let f be 4/n + 2/(-10). What is the units digit of o(f)?
0
Suppose -6*t - 36 = -4*t. Let j be (-3)/9 - (-8)/(-3). What is the units digit of j/t + (-334)/(-12)?
8
Let g = -203 - -92. Let m = g + 157. What is the tens digit of m?
4
Let x = -32 - -32. Suppose -188 = -3*c - p, -306 = -x*c - 5*c + 2*p. What is the units digit of c?
2
Suppose 4002 = 43*g - 1932. What is the units digit of g?
8
Let a(k) = 589*k - 5. What is the hundreds digit of a(1)?
5
Let p(q) = 30*q**2 - 2*q - 19. What is the hundreds digit of p(-4)?
4
Let p be (45/12)/((-18)/(-48)). What is the units digit of 6*p/(-2)*(-96)/64?
5
Let p(c) = 0*c - 8 + 16 + 6*c + 2*c + 2*c**2. Let f be p(-9). Let k = 142 - f. What is the tens digit of k?
4
Let p(i) be the second derivative of -i**3/6 - i**2 + i. Suppose 0 = 5*h - 4*c + 34, 27 = -5*h - 2*c - c. What is the units digit of p(h)?
4
Let y(q) = 2 + 0 - 3 + q - 3. Let s be y(0). What is the tens digit of 1*(1 + -9)*s?
3
Let l be 2/3 + (-32)/(-6). Let i be 8/36*l*-3. What is the tens digit of (-16)/64 + (-129)/i?
3
Let a(w) = 8*w**2 - 6*w**2 - w**3 + 2*w + 8 + 8*w**2 - 11. What is the units digit of a(9)?
6
Let a(w) = 4*w + 3. Let p be a(3). What is the hundreds digit of (-4)/(-12) - (-3775)/p?
2
Suppose 5*k = -528 + 123. Let t = 136 + k. What is the tens digit of t?
5
Suppose 2882 + 1822 = 28*p. What is the hundreds digit of p?
1
Let w = 73 + 29. Let i = w + 25. What is the units digit of i?
7
What is the tens digit of ((-2598)/(-5))/(-1 + (-30)/(-25))?
9
Let g = -3 + 6. Suppose l + 1 = g*b, -3*b - 6 + 32 = 4*l. Suppose -7*s - l*v + 100 = -2*s, -3*s + 61 = 2*v. What is the tens digit of s?
2
Let t = 1499 + -608. What is the units digit of t?
1
Suppose 0 = 14*c - 3943 - 6669. What is the units digit of c?
8
Suppose 0 = 6*u - 8*u. Suppose u = c + c - 10. What is the units digit of c?
5
Let c(i) = 29*i - 35. What is the hundreds digit of c(32)?
8
Let y be 30/9 - 2/6. Suppose 0 = -y*f + 379 - 115. What is the tens digit of f?
8
Suppose -2*k + 32 = -5*k + 5*z, z = -3*k - 8. Let w be -4*(-2)/k + 2. Suppose 2*i + 4*u - 90 = w, -2*i = 2*u + 3*u - 91. What is the units digit of i?
3
Suppose 2*y - 5*h = 374, -y + 185 = -0*y - 2*h. Suppose -v + 0*v + 1 = 0, v - y = -2*b. What is the units digit of b?
8
Let x(u) = -u**3 + 16*u**2 - 13*u + 49. What is the units digit of x(15)?
9
Let b(m) be the third derivative of -m**5/60 + 7*m**4/24 - m**3/3 - 11*m**2. Let h be b(8). Let g = h - -19. What is the units digit of g?
9
Let l be (-984)/26 - ((-126)/26 + 5). Let c = l + 158. What is the units digit of c?
0
Let j(f) = 5*f**3 + 3*f**2 + 18*f - 36. What is the hundreds digit of j(5)?
7
Let m(y) = -y**2 - 4*y + 1. Let a be m(-3). Suppose a*b = 5*b + 64. Let v = b - -121. What is the tens digit of v?
5
Let a be 0/(-7) + 4/2. Suppose -y = -0*y - 12. What is the units digit of ((-16)/a)/(y/(-18))?
2
Let x(w) = 5*w**3 - w**2 - 2*w + 1. Let f be x(2). Let c = 21 - f. What is the units digit of c/(-8)*-2 + 31?
8
Suppose -v + 1027 = -5*s, -5245 = -7*v + 2*v + 3*s. Suppose 0 = -17*c + 886 + v. What is the units digit of c?
4
Suppose -3*d - 4689 = -3*r, 6254 = 3*r + r - 2*d. What is the tens digit of r?
6
Let k = -62 - -65. Suppose -57 = -m + i, 3*m - 2*i - k*i - 173 = 0. What is the units digit of m?
6
Let h(s) = -2*s**3 + 70*s**2 + 87*s + 52. What is the units digit of h(36)?
2
Suppose -5*q = v - 23 + 6, -v + 4*q = -8. Suppose 0 = -5*d - 2*j + v + 3, -d = -j - 3. What is the units digit of d/(-5) - (-516)/10?
1
What is the hundreds digit of (-10696)/(-22) - (-2 + (-96)/(-44))?
4
Suppose -2*x = 3*x + 15, -5*u - 3*x = 9. Suppose u = 6*r - 550 - 374. What is the units digit of r?
4
Let p(t) be the second derivative of t**5/10 + t**2/2 - 4*t. Let n be p(1). What is the tens digit of (-70)/(-3) - 1/n?
2
Let m be 47/(-4) - (-6)/8. Let w be -3*m/3 - -1. Suppose 3*r = 3*l + w, 4*r + 2*l - 35 = -13. What is the units digit of r?
5
Suppose -2*g = -6 - 2. Suppose g*b + u = 419, 110 = b + u + u. What is the tens digit of b?
0
What is the hundreds digit of (8 - 36/6) + 173?
1
Suppose -2*p = 3*i - 4 - 2, 12 = 4*p - 5*i. Let k(c) = 12*c + 6. Let v be k(p). Suppose -v = -6*s - 0*s. What is the units digit of s?
7
Suppose -11*q + 16*q = 3230. What is the hundreds digit of q?
6
Suppose 5*x - 12 = 4*b, 26 = 6*x - x + 3*b. Suppose -c + 3*c + 42 = x*m, -12 = -2*m + 4*c. What is the units digit of m?
2
Suppose -5*i = 15, -66 = 4*g - i - i. What is the tens digit of -2*g/(-12) - (-1 - 80)?
7
Let l(g) = g**2 + 4*g + 6. Let d be l(-7). Suppose -26*o - 30 = -d*o. What is the tens digit of o?
3
Suppose 4*l = 3*l + 4. Suppose l*r = -12, -23 - 21 = -2*m + 4*r. What is the units digit of m?
6
Let w = -107 - -812. What is the tens digit of w?
0
Let t = 1677 + -253. What is the units digit of t?
4
Let j be 12/16 - 166/8. Let d = j + 22. What is the units digit of (-7)/((-1)/(d + 3))?
5
Suppose 0 = 4*c + 4*l - 0*l - 828, -2*l - 858 = -4*c. Let x = -130 + c. What is the tens digit of x?
8
Suppose 10*p - 5*p = 15. Suppose -p*n - 42 = -165. What is the tens digit of n?
4
Let q(z) = z**3 + 7*z**2 + 8*z + 14. Let h be q(-6). Let v(m) = 8*m**3 + m**2 - 3*m + 1. What is the units digit of v(h)?
3
Let d(j) be the second derivative of -j**4/12 + 13*j**3/6 - 3*j**2/2 - 5*j. Let h be d(15). What is the units digit of (484/h)/((-4)/6)?
2
Let b be 4/(-10) + (-520)/(-50). Let c be 2/4*60/b. Suppose 0 = -4*a - 4, 4*l + 29 = 6*l - c*a. What is the units digit of l?
3
Let h(w) = w**2 - 6*w - 3. Let y be h(7). What is the units digit of -2 + (-228)/(-20) + y/(-10)?
9
Suppose 15*v + 3*v = 9990. What is the hundreds digit of v?
5
Suppose 5*q = -5*j + 361 + 349, 2*q = 5*j - 731. Suppose 7*r - 761 = -j. What is the tens digit of r?
8
Suppose 2*o - 5*h = 7*o - 1835, -5*o = 3*h - 1835. What is the tens digit of o?
6
Suppose -7*u - 946 = -4880. What is the tens digit of u?
6
Suppose -21*v = -12*v - 9. Let t = 0 + 0. Suppose t = b - 0*b - v. What is the units digit of b?
1
Let o(r) = -4*r - 14. Let y be o(-4). Suppose -118 = -j - j + 2*i, 121 = y*j + i. What is the units digit of j?
0
Let z be (0/(-1)*1)/(-2). Suppose z = 2*o + 51 - 145. What is the tens digit of o?
4
Suppose 4*t + 5*z - 3 = 0, 1 = t + 5*z - 4*z. Suppose -t*q = g + 4, -g + 4*q = -5*g - 32. What is the units digit of (-148)/g - 4/(-6)?
3
Suppose 4 = 2*a + 46. Let n = 60 - a. What is the tens digit of n?
8
Let o be 2 + (-5)/((-10)/6). Suppose -3*r + 5*l + 31 = -0*r, o*r = 4*l + 30. Suppose -3*h - 26 = -f, 37 + 25 = r*f - h. What is the tens digit of f?
3
Let f be 2 - ((-5)/15)/(3/36). Suppose -f*m + 951 = -3*m. What is the units digit of m?
7
Suppose -2*v = -0*v - 156. Suppose -264 = 5*k - q, 76 + 186 = -5*k + 3*q. Let y = v + k. What is the units digit of y?
5
Suppose 0 = -2*u - 4 + 12. Suppose u*b - b = 141. What is the units digit of b?
7
Let l(b) = 3*b**3 + 4*b**2 - 4*b + 3. Let a be -8*((-36)/6)/12. What is the hundreds digit of l(a)?
2
Let g(q) = -q**3 - 11*q**2 + 10*q - 2. Let a(y) = -2*y + 2. Let s(w) = -3*w - 5. Let l be s(-4). Let i be a(l). What is the tens digit of g(i)?
2
Let i(r) = -r**2 + 5*r - 1. Let a be i(3). Suppose a*o + 3*h - 48 = -h, -2*o + 4*h = -36. What is the units digit of o?
2
Let q(t) = -t**3 - 5*t**2 - 2*t + 1. Let a(p) = -6*p**2 - 2*p + 2. Let l(g) = 2*a(g) - 3*q(g). Let j be l(-3). Let c = j - -107. What is the tens digit of c?
4
Let z = -68 + 305. What is the hundreds digit of z?
2
Let a be 1*-3 + (76 - 22). Let k = 7 + a. What is the units digit of k?
8
Let d = -860 - -911. Suppose -t - 3*t + 416 =